{"id":2116,"date":"2026-05-10T22:29:54","date_gmt":"2026-05-10T22:29:54","guid":{"rendered":"http:\/\/tag.mke.dk\/?page_id=2116"},"modified":"2026-05-10T22:34:04","modified_gmt":"2026-05-10T22:34:04","slug":"inddaekninger-skotrender-smaarbejde","status":"publish","type":"page","link":"https:\/\/tag.mke.dk\/?page_id=2116","title":{"rendered":"Indd\u00e6kninger, skotrender &amp; sm\u00e5arbejde"},"content":{"rendered":"<h1>Indd\u00e6kninger og sm\u00e5arbejde p\u00e5 tag<\/h1>\n<div>\n<p class=\"font-claude-response-body break-words whitespace-normal leading-[1.7]\">De fleste tagskader starter ikke i selve pappen \u2014 de starter ved overgangene. Hvor taget m\u00f8der skorstenen, ovenlyset, muren eller udluftningen. Et godt tag er kun s\u00e5 godt som dets indd\u00e6kninger.<\/p>\n<p class=\"font-claude-response-body break-words whitespace-normal leading-[1.7]\">Vi laver:<\/p>\n<ul class=\"[li_&amp;]:mb-0 [li_&amp;]:mt-1 [li_&amp;]:gap-1 [&amp;:not(:last-child)_ul]:pb-1 [&amp;:not(:last-child)_ol]:pb-1 list-disc flex flex-col gap-1 pl-8 mb-3\">\n<li class=\"whitespace-normal break-words pl-2\">Indd\u00e6kninger ved skorsten, ovenlys og ventilation<\/li>\n<li class=\"whitespace-normal break-words pl-2\">Skotrender mellem sammenbyggede tagflader<\/li>\n<li class=\"whitespace-normal break-words pl-2\">Tagrender og nedl\u00f8b (zink og st\u00e5l)<\/li>\n<li class=\"whitespace-normal break-words pl-2\">Reparation af ovenlys og udluftningsh\u00e6tter<\/li>\n<li class=\"whitespace-normal break-words pl-2\">Mindre tag-projekter: carport, skur, udestue, cykelskur<\/li>\n<\/ul>\n<\/div>\n<p><!--more--><br \/>\n<!-- {\"type\":\"layout\",\"children\":[{\"type\":\"section\",\"props\":{\"image_position\":\"center-center\",\"style\":\"default\",\"title_breakpoint\":\"xl\",\"title_position\":\"top-left\",\"title_rotation\":\"left\",\"vertical_align\":\"middle\",\"width\":\"default\"},\"children\":[{\"type\":\"row\",\"props\":{\"layout\":\"1-2,1-2\"},\"children\":[{\"type\":\"column\",\"props\":{\"image_position\":\"center-center\",\"position_sticky_breakpoint\":\"m\",\"width_medium\":\"1-2\"},\"children\":[{\"type\":\"headline\",\"props\":{\"content\":\"Indd\u00e6kninger og sm\u00e5arbejde p\u00e5 tag\",\"image_align\":\"left\",\"image_margin\":\"xsmall\",\"title_element\":\"h1\"}},{\"type\":\"text\",\"props\":{\"column_breakpoint\":\"m\",\"content\":\"\n\n<p class=\\\"font-claude-response-body break-words whitespace-normal leading-[1.7]\\\">De fleste tagskader starter ikke i selve pappen \u2014 de starter ved overgangene. Hvor taget m\u00f8der skorstenen, ovenlyset, muren eller udluftningen. Et godt tag er kun s\u00e5 godt som dets indd\u00e6kninger.<\/p>\n\n\\n\n\n<p class=\\\"font-claude-response-body break-words whitespace-normal leading-[1.7]\\\">Vi laver:<\/p>\n\n\\n\n\n<ul class=\\\"[li_&amp;]:mb-0 [li_&amp;]:mt-1 [li_&amp;]:gap-1 [&amp;:not(:last-child)_ul]:pb-1 [&amp;:not(:last-child)_ol]:pb-1 list-disc flex flex-col gap-1 pl-8 mb-3\\\">\\n\n\n<li class=\\\"whitespace-normal break-words pl-2\\\">Indd\u00e6kninger ved skorsten, ovenlys og ventilation<\/li>\n\n\\n\n\n<li class=\\\"whitespace-normal break-words pl-2\\\">Skotrender mellem sammenbyggede tagflader<\/li>\n\n\\n\n\n<li class=\\\"whitespace-normal break-words pl-2\\\">Tagrender og nedl\u00f8b (zink og st\u00e5l)<\/li>\n\n\\n\n\n<li class=\\\"whitespace-normal break-words pl-2\\\">Reparation af ovenlys og udluftningsh\u00e6tter<\/li>\n\n\\n\n\n<li class=\\\"whitespace-normal break-words pl-2\\\">Mindre tag-projekter: carport, skur, udestue, cykelskur<\/li>\n\n\\n<\/ul>\n\n\",\"margin_bottom\":\"default\",\"margin_top\":\"default\"}}]},{\"type\":\"column\",\"props\":{\"image_position\":\"center-center\",\"position_sticky_breakpoint\":\"m\",\"width_medium\":\"1-2\"}}]}]}],\"version\":\"5.0.32\"} --><\/p>\n","protected":false},"excerpt":{"rendered":"<p>Indd\u00e6kninger og sm\u00e5arbejde p\u00e5 tag De fleste tagskader starter ikke i selve pappen \u2014 de starter ved overgangene. Hvor taget m\u00f8der skorstenen, ovenlyset, muren eller udluftningen. Et godt tag er kun s\u00e5 godt som dets indd\u00e6kninger. Vi laver: Indd\u00e6kninger ved skorsten, ovenlys og ventilation Skotrender mellem sammenbyggede tagflader Tagrender og nedl\u00f8b (zink og st\u00e5l) Reparation [&hellip;]<\/p>\n","protected":false},"author":1,"featured_media":0,"parent":0,"menu_order":0,"comment_status":"closed","ping_status":"closed","template":"","meta":{"_acf_changed":false,"footnotes":""},"class_list":["post-2116","page","type-page","status-publish","hentry"],"acf":[],"_links":{"self":[{"href":"https:\/\/tag.mke.dk\/index.php?rest_route=\/wp\/v2\/pages\/2116","targetHints":{"allow":["GET"]}}],"collection":[{"href":"https:\/\/tag.mke.dk\/index.php?rest_route=\/wp\/v2\/pages"}],"about":[{"href":"https:\/\/tag.mke.dk\/index.php?rest_route=\/wp\/v2\/types\/page"}],"author":[{"embeddable":true,"href":"https:\/\/tag.mke.dk\/index.php?rest_route=\/wp\/v2\/users\/1"}],"replies":[{"embeddable":true,"href":"https:\/\/tag.mke.dk\/index.php?rest_route=%2Fwp%2Fv2%2Fcomments&post=2116"}],"version-history":[{"count":3,"href":"https:\/\/tag.mke.dk\/index.php?rest_route=\/wp\/v2\/pages\/2116\/revisions"}],"predecessor-version":[{"id":2130,"href":"https:\/\/tag.mke.dk\/index.php?rest_route=\/wp\/v2\/pages\/2116\/revisions\/2130"}],"wp:attachment":[{"href":"https:\/\/tag.mke.dk\/index.php?rest_route=%2Fwp%2Fv2%2Fmedia&parent=2116"}],"curies":[{"name":"wp","href":"https:\/\/api.w.org\/{rel}","templated":true}]}}